se 87 = 6*f + 15. Let m be f*(0/3 - 175/(-21)). Suppose -4*k + 3 + 1 = 0, -4*q = 2*k - 82. Calculate the highest common divisor of m and q.
20
Suppose -6*d + 238 = 58. Let x be (-3)/((-135)/591) + (-4)/d. What is the highest common divisor of 299 and x?
13
Let o(h) = 25*h**2 + 5*h - 50. Let p(m) = -m**2 + 2. Let q(n) = o(n) + 20*p(n). Let g be q(5). Calculate the greatest common factor of g and 20.
20
Suppose -4*i = 543 + 57. Let h be -247 - (-272)/(208/13). Let b = i - h. Calculate the greatest common divisor of b and 32.
16
Let j = 1862 - 3217. Let w = -772 - j. Calculate the highest common factor of w and 53.
53
Let v be (-6)/(-9) + (-544)/(-3). Suppose o - 218 = -2*m, 2*o - m - 456 + 45 = 0. Suppose -o = 104*s - 112*s. Calculate the highest common divisor of s and v.
26
Let u be (-560)/(-1540) + 4392/22. Calculate the greatest common divisor of u and 12200.
200
Let t = 27450 + -27410. Calculate the greatest common factor of 1740 and t.
20
Let z(y) = 15*y - 5. Let k be z(3). Let h = -11 - -13. Suppose 3*g - 482 = h*l, -3*g + 268 + 207 = 5*l. What is the highest common factor of k and g?
40
Let m(q) = q + 13. Let y be m(-7). Suppose -y*s + 4*s = -64. Let x be ((s/(-2))/1 - 0)/(-1). Calculate the highest common divisor of x and 80.
16
Let g = -74 - -128. Let j = -52 + g. Suppose -j*c = -4*c + 48. Calculate the highest common divisor of 24 and c.
24
Suppose -32 = -4*n + 16. Suppose -2*u + 5*u = 4*t - 33, 18 = t - 4*u. Calculate the highest common factor of n and t.
6
Suppose -2*d = 3*d - 5. Let h be 45 - ((-3 - -4) + d). Let k = 60 - h. What is the greatest common divisor of 187 and k?
17
Let t be 36/45 - (-941)/5 - 0. Let v(z) = z**2 + 4*z - 5. Let d be v(2). What is the greatest common factor of t and d?
7
Let p(n) = 7*n**2 - n + 15. Let i be p(-2). Calculate the highest common factor of i and 570.
15
Suppose 5*m - 3972 = -4*f, -2*m + 2*f + 499 = -1097. Let k = -757 + m. Let b = -3 + 6. Calculate the highest common factor of b and k.
3
Suppose -20 = 5*y, -5*y + 6*y + 144 = 5*q. Let c(x) = x + 2*x**2 - 3 + 1 + 1. Let d be c(-3). Calculate the greatest common factor of d and q.
14
Let s = 1905 - 1860. Let k = -1 - -3. Suppose 0 = k*l - 10 - 0. Calculate the greatest common divisor of s and l.
5
Let h(j) = -1261*j - 9985. Let c be h(-8). What is the greatest common factor of c and 20085?
103
Let u(r) = 2*r + 1. Let s = 23 + -24. Let t be s + 5 + 8/8. Let d be u(t). Calculate the highest common divisor of d and 11.
11
Let d = -4048 - -4100. What is the greatest common factor of 2444 and d?
52
Suppose -2*s - 9*l = -4*l - 213, -5*s - 5*l = -495. Let k = s + 446. What is the highest common factor of k and 20?
20
Let t = -311 - -313. Suppose 5*a - t*l = 1824, 368 = a + 9*l - 11*l. Calculate the highest common divisor of 91 and a.
91
Suppose 14*m = 12*m - 10. Let a be (-4)/m*(-1)/(-2)*95. Suppose 30 - a = -2*d. What is the greatest common divisor of d and 36?
4
Suppose -1746 - 654 = -5*k. Suppose 74 = 4*z + 2*y, z + 151 = -2*y + 180. Calculate the greatest common factor of z and k.
15
Let y be 4*(-3 - 56/(-4)). Let w(g) = 3*g + 313. Let a be w(-64). Calculate the highest common factor of a and y.
11
Let j(x) = -2*x**2 + 12*x + 8. Let u be 0/15 + 1 + 5. Let g be j(u). What is the highest common divisor of 7 and g?
1
Let b be -14*((-60)/40)/(3/4). Let r(h) = -4 - 5 - 24*h + b*h - 7*h**2 + 2*h**3. Let z be r(6). Calculate the highest common divisor of z and 15.
15
Let y be 3*-2*10/15. Let h be (32/y)/(8/(-28)). Let v = -13 + h. Calculate the greatest common divisor of 75 and v.
15
Let t(a) = a**3 - 10*a**2 - 8*a - 7. Let j be t(11). Suppose -86 = -b - b. Suppose -5*s + b + 22 = 0. Calculate the greatest common factor of s and j.
13
Suppose 5*m + 24 = 4*c - 16, 0 = c + m - 1. Suppose 0*b + 2*b - 5*j = -50, -125 = c*b + 3*j. Let r = b - -42. Calculate the greatest common divisor of 68 and r.
17
Let y = -47 - -41. Let p(z) = 4*z**2 + 19*z + 17. Let q be p(y). What is the highest common factor of 235 and q?
47
Suppose z = -i + 1388, 211*z - 208*z = i - 1388. Calculate the highest common divisor of 4 and i.
4
Let i be (-40502)/(-98) + ((-4)/(-42))/((-7)/21). Calculate the greatest common factor of 77 and i.
7
Let l(n) = -n - 3. Let w be l(-5). Let f be w/(-4) - (-125)/10. Calculate the greatest common divisor of 48 and f.
12
Let z be (3 - 7)/(6/(-120)). Suppose -z*n + 80 = -76*n. What is the highest common factor of 90 and n?
10
Suppose -8*o = -7*o - 30. Let q be 19/7 + ((-60)/(-14) - 4). Suppose 3*s + 13*u - 14*u - 41 = 0, 3*u + q = s. Calculate the highest common divisor of o and s.
15
Let h(z) = z**3 + 36*z**2 - 39*z - 70. Let d be h(-37). Suppose 300 = 8*c - 5*c. Suppose 28 = -6*a + c. What is the greatest common factor of d and a?
4
Let i = 28293 + -28263. What is the highest common factor of 100 and i?
10
Let k be 8/(-36) - 23408/(-36). Suppose -16*x + 286 = -5*x. Calculate the greatest common divisor of x and k.
26
Let p be -16 - (-7 - 268)/11. What is the greatest common divisor of p and 6921?
9
Let w(y) = 127*y**2 - 9*y + 24 - 246*y**2 + 122*y**2. Let g be w(7). Suppose 24 = 4*u - g. What is the highest common factor of u and 11?
11
Suppose 5*y + 0*h + 3*h - 97 = 0, -4*y + 85 = -5*h. Let r(z) = 425*z - 1698. Let a be r(4). Calculate the highest common divisor of a and y.
2
Let s(p) = 779*p - 10756. Let o be s(14). What is the greatest common factor of o and 975?
75
Let c = 109 - 101. Suppose 772 = c*b - 3028. Calculate the highest common factor of b and 19.
19
Suppose 0 = -71*y + 69*y - 40. Let b be 411 + 2/y + (-341)/(-110). What is the greatest common factor of b and 18?
18
Let v = 349 - 97. What is the highest common divisor of v and 189?
63
Let m be 374/(-68)*-1*(0 + 1)*4. Calculate the greatest common divisor of m and 2640.
22
Let h be (9/(-4)*(-16)/21)/((-102)/(-1071)). What is the highest common divisor of h and 114?
6
Let b be ((-10)/8)/(-6*(-470)/(-352) + 8). Calculate the highest common divisor of b and 1045.
55
Let q = 32 - -79. Suppose -5*w + q + 214 = 0. What is the highest common factor of 91 and w?
13
Suppose 9 = 5*s - 6. Suppose -s*g - p + 16 = -0*p, 2*p = -4*g + 22. Suppose -y = g*h - 20, 3*y = -y + 5*h + 80. What is the highest common factor of 100 and y?
20
Suppose -9 = 6*c + 135. Let p be c/(-4) + 3 - -4. What is the highest common factor of p and 260?
13
Suppose 11 = -o + 15. Suppose 4*q = -z + 38, 4*z - q - o*q - 131 = 0. Let c = -27 + z. Calculate the highest common factor of c and 63.
7
Let x = -21469 - -22141. What is the greatest common divisor of 630 and x?
42
Let g(f) = -10*f + 27. Let z(c) = 7*c - 28. Let w(b) = -3*g(b) - 4*z(b). Let x be w(0). What is the greatest common factor of x and 31?
31
Let g(i) = -226*i + 5248. Let u be g(23). Calculate the highest common divisor of 2150 and u.
50
Suppose 0 = -14*z + 42*z - 131208. What is the highest common factor of 66 and z?
66
Let o(u) = 16*u - 6*u - 8*u + 9 + 38 - u. Let n be o(23). What is the greatest common divisor of 56 and n?
14
Let g(n) = -229*n - 14. Let a be (-2 + 1)/((-4 + 5)*1). Let y be g(a). Calculate the highest common factor of y and 10.
5
Suppose -4*k + 352 - 300 = 0. Let w = -250 + 315. Calculate the highest common factor of k and w.
13
Let q be (-5 + 2)/(-9)*-51*-10. Let c be (-4)/16 + 3*182/8. Calculate the greatest common factor of c and q.
34
Suppose -27*h + 48*h = 16*h + 2335. What is the highest common divisor of h and 1?
1
Let z be (-4)/16 - (0 + (-173)/4). Let r = -34 + z. Let h be 3/r - (-358)/6. Calculate the greatest common factor of h and 24.
12
Suppose 5*o - 2*p - 4233 = 0, -5*o + 5*p + 2854 + 1391 = 0. What is the greatest common factor of 104 and o?
13
Let r(a) be the first derivative of 17 - 1/2*a**2 + 16*a + 2/3*a**3. Let c be r(-7). What is the greatest common factor of c and 11?
11
Let t(f) = -76*f + 260. Let c be t(-1). Calculate the greatest common factor of 1134 and c.
42
Suppose 8*d - 403 = 3237. Suppose -14*f - 210 = -20*f. Calculate the greatest common factor of d and f.
35
Let y(b) = 73*b + 1986. Let m be y(-27). Calculate the greatest common divisor of 4785 and m.
15
Let n(j) = -145*j**3 + 6*j**2 + 5*j - 3. Let p be n(-4). What is the greatest common factor of 398 and p?
199
Suppose 434 = 202*s - 171*s. Calculate the highest c